ainder when 383 is divided by 136.
111
What is the remainder when 129 is divided by 84?
45
Calculate the remainder when 1144 is divided by 46.
40
Calculate the remainder when 119 is divided by 103.
16
What is the remainder when 2555 is divided by 112?
91
What is the remainder when 250 is divided by 9?
7
Calculate the remainder when 2926 is divided by 10.
6
Calculate the remainder when 450 is divided by 128.
66
What is the remainder when 1307 is divided by 323?
15
Calculate the remainder when 73 is divided by 64.
9
What is the remainder when 218 is divided by 37?
33
Calculate the remainder when 53 is divided by 23.
7
What is the remainder when 100 is divided by 17?
15
Calculate the remainder when 631 is divided by 24.
7
What is the remainder when 18 is divided by 9?
0
Calculate the remainder when 11193 is divided by 38.
21
What is the remainder when 85 is divided by 52?
33
What is the remainder when 1255 is divided by 373?
136
What is the remainder when 651 is divided by 134?
115
Calculate the remainder when 246 is divided by 228.
18
Calculate the remainder when 78 is divided by 54.
24
Calculate the remainder when 6407 is divided by 18.
17
Calculate the remainder when 36 is divided by 13.
10
Calculate the remainder when 414 is divided by 16.
14
Calculate the remainder when 489 is divided by 113.
37
Calculate the remainder when 217 is divided by 42.
7
What is the remainder when 14845 is divided by 27?
22
What is the remainder when 126 is divided by 37?
15
What is the remainder when 177 is divided by 6?
3
What is the remainder when 580 is divided by 120?
100
What is the remainder when 444 is divided by 90?
84
Calculate the remainder when 135 is divided by 69.
66
What is the remainder when 110 is divided by 19?
15
Calculate the remainder when 2166 is divided by 43.
16
Calculate the remainder when 386 is divided by 83.
54
What is the remainder when 324 is divided by 13?
12
What is the remainder when 1144 is divided by 19?
4
What is the remainder when 237 is divided by 61?
54
Calculate the remainder when 506 is divided by 51.
47
Calculate the remainder when 101 is divided by 58.
43
Calculate the remainder when 178 is divided by 61.
56
What is the remainder when 647 is divided by 78?
23
Calculate the remainder when 202 is divided by 46.
18
Calculate the remainder when 3600 is divided by 53.
49
What is the remainder when 372 is divided by 37?
2
What is the remainder when 145 is divided by 22?
13
What is the remainder when 82 is divided by 20?
2
Calculate the remainder when 133 is divided by 20.
13
Calculate the remainder when 193 is divided by 5.
3
Calculate the remainder when 88 is divided by 6.
4
Calculate the remainder when 97 is divided by 60.
37
Calculate the remainder when 222 is divided by 32.
30
Calculate the remainder when 274 is divided by 48.
34
Calculate the remainder when 8247 is divided by 8244.
3
Calculate the remainder when 301 is divided by 32.
13
What is the remainder when 1595 is divided by 528?
11
What is the remainder when 363 is divided by 84?
27
What is the remainder when 47186 is divided by 147?
146
Calculate the remainder when 337 is divided by 39.
25
Calculate the remainder when 118 is divided by 116.
2
What is the remainder when 21 is divided by 7?
0
Calculate the remainder when 161 is divided by 38.
9
What is the remainder when 403 is divided by 67?
1
What is the remainder when 281 is divided by 29?
20
Calculate the remainder when 1215 is divided by 7.
4
What is the remainder when 155 is divided by 83?
72
Calculate the remainder when 8747 is divided by 70.
67
What is the remainder when 711 is divided by 198?
117
Calculate the remainder when 161 is divided by 73.
15
What is the remainder when 205 is divided by 195?
10
What is the remainder when 329 is divided by 25?
4
Calculate the remainder when 574 is divided by 98.
84
Calculate the remainder when 3297 is divided by 3273.
24
Calculate the remainder when 244 is divided by 7.
6
What is the remainder when 747 is divided by 177?
39
What is the remainder when 795 is divided by 394?
7
Calculate the remainder when 20435 is divided by 52.
51
Calculate the remainder when 90 is divided by 27.
9
Calculate the remainder when 7212 is divided by 22.
18
Calculate the remainder when 209 is divided by 55.
44
What is the remainder when 875 is divided by 67?
4
Calculate the remainder when 1095 is divided by 23.
14
What is the remainder when 8706 is divided by 7?
5
Calculate the remainder when 413 is divided by 31.
10
What is the remainder when 177 is divided by 92?
85
Calculate the remainder when 292 is divided by 44.
28
Calculate the remainder when 528 is divided by 139.
111
Calculate the remainder when 24166 is divided by 152.
150
What is the remainder when 12152 is divided by 143?
140
What is the remainder when 48 is divided by 4?
0
What is the remainder when 1090 is divided by 535?
20
What is the remainder when 59 is divided by 5?
4
What is the remainder when 75 is divided by 7?
5
Calculate the remainder when 6022 is divided by 134.
126
Calculate the remainder when 47 is divided by 8.
7
Calculate the remainder when 2672 is divided by 33.
32
What is the remainder when 172 is divided by 87?
85
What is the remainder when 1709 is divided by 840?
29
What is the remainder when 1063 is divided by 76?
75
Calculate the remainder when 396 is divided by 101.
93
What is the remainder when 609 is divided by 280?
49
Calculate the remainder when 76 is divided by 10.
6
What is the remainder when 148 is divided by 142?
6
What is the remainder when 296 is divided by 151?
145
What is the remainder when 1950 is divided by 37?
26
What is the remainder when 127 is divided by 39?
10
What is the remainder when 739 is divided by 39?
37
Calculate the remainder when 119 is divided by 63.
56
Calculate the remainder when 122 is divided by 25.
22
Calculate the remainder when 880 is divided by 117.
61
Calculate the remainder when 2999 is divided by 79.
76
What is the remainder when 16909 is divided by 178?
177
What is the remainder when 124 is divided by 15?
4
Calculate the remainder when 1715 is divided by 26.
25
Calculate the remainder when 12073 is divided by 19.
8
Calculate the remainder when 1351 is divided by 447.
10
Calculate the remainder when 507 is divided by 174.
159
What is the remainder when 203 is divided by 136?
67
What is the remainder when 1272 is divided by 58?
54
Calculate the remainder when 107 is divided by 25.
7
What is the remainder when 102 is divided by 12?
6
What is the remainder when 192 is divided by 10?
2
Calculate the remainder when 1091 is divided by 1086.
5
What is the remainder when 598 is divided by 120?
118
What is the remainder when 4587 is divided by 90?
87
Calculate the remainder when 150 is divided by 17.
14
What is the remainder when 122 is divided by 33?
23
Calculate the remainder when 1854 is divided by 13.
8
Calculate the remainder when 2892 is divided by 364.
344
Calculate the remainder when 33 is divided by 7.
5
Calculate the remainder when 2052 is divided by 42.
36
Calculate the remainder when 33 is divided by 17.
16
Calculate the remainder when 957 is divided by 315.
12
Calculate the remainder when 151 is divided by 35.
11
What is the remainder when 6681 is divided by 303?
15
Calculate the remainder when 416 is divided by 7.
3
What is the remainder when 79 is divided by 14?
9
Calculate the remainder when 6928 is divided by 154.
152
What is the remainder when 2260 is divided by 39?
37
What is the remainder when 342 is divided by 71?
58
What is the remainder when 105 is divided by 13?
1
What is the remainder when 52741 is divided by 152?
149
Calculate the remainder when 127 is divided by 33.
28
Calculate the remainder when 23 is divided by 22.
1
Calculate the remainder when 360 is divided by 74.
64
What is the remainder when 149 is divided by 6?
5
What is the remainder when 157 is divided by 153?
4
Calculate the remainder when 1654 is divided by 168.
142
What is the remainder when 8095 is divided by 253?
252
What is the remainder when 917 is divided by 44?
37
What is the remainder when 2694 is divided by 18?
12
What is the remainder when 28 is divided by 8?
4
Calculate the remainder when 330 is divided by 84.
78
Calculate the remainder when 191 is divided by 21.
2
What